 and 14434?
14
Suppose -218*l + 8333 - 2447 = 0. Suppose 4*u - s - 1193 = 0, u - 20 = -4*s + 257. What is the highest common factor of l and u?
27
Let t = -7 + 9. Suppose -t = -5*g + 4*g. Suppose -g*u - 2*k + 15 = -k, -3*u + 22 = 2*k. Calculate the greatest common divisor of 128 and u.
8
Suppose -494*t = -517*t + 119945. Calculate the greatest common factor of t and 7.
7
Suppose -1077 = -2*m - 5*n, -378*n - 2179 = -4*m - 383*n. What is the highest common divisor of 1330 and m?
19
Let p(n) = -217*n + 557. Let c be p(-4). Calculate the greatest common factor of 38 and c.
19
Suppose 3*f + 3*v - 7047 = 0, 0 = -v + 2*v + 1. Calculate the greatest common divisor of 50 and f.
50
Let k be (-10)/(77/132 - 1). What is the greatest common divisor of 33 and k?
3
Let w be (19 - 3)/((-6)/9). Let x be (-3268)/w - 1/6. Let u be 3/8 + 3621/x. Calculate the greatest common factor of 18 and u.
9
Let l(k) = k**2 + 9*k - 8. Let f be l(-9). Let m = f - -21. Let c be (-1 + 5)*4 - -10. What is the highest common divisor of c and m?
13
Let f(b) = -b**3 - 9*b**2 + 4*b - 24. Suppose 0*q - 20 = 2*q. Let g be f(q). Suppose 0*y = -6*y + 144. What is the highest common divisor of y and g?
12
Suppose 187 = 2*m - 63. Let w = 22356 + -22331. What is the greatest common divisor of w and m?
25
Suppose -125 = -6*r + r. Suppose c - 119 = 2*h, 5*c - 7*h = -2*h + 570. Suppose -8*w - 29 = -c. What is the highest common divisor of r and w?
5
Suppose 2*a - 23*a = 16*a - 271136. What is the highest common divisor of a and 64?
32
Let i(r) = -r**3 - 18*r**2 - 50*r - 895. Let g be i(-19). Calculate the greatest common divisor of g and 1376.
32
Suppose -c - 4*d + 11 = 0, -2*c + 3*d + 6 = 2*c. Let k(l) = 0 + 13 + 9 - 6 + 4*l + c*l**2. Let a be k(-4). Calculate the greatest common factor of a and 12.
12
Let j(i) = 51*i + 46. Let w be j(-9). Let a = w + 468. Calculate the greatest common divisor of a and 165.
55
Suppose -61475 + 15683 = -24*l. What is the highest common divisor of l and 30?
6
Let s(d) = 80*d - 3813. Let k be s(48). What is the highest common factor of 1233 and k?
9
Let x = -4886 + 8990. Calculate the greatest common factor of x and 18.
18
Suppose -z - 2885 = -6*z + 2*x, 4*z = 3*x + 2315. Suppose 15 = -5*c, -5*m + 124 = -0*m - 3*c. What is the greatest common divisor of m and z?
23
Let u = -12391 + 17612. Calculate the greatest common divisor of u and 23.
23
Suppose 15*m = 14*m + 319. Let y = -309 + m. What is the highest common factor of y and 320?
10
Suppose 4*q - 12 = 8. Suppose 0 = 4*d + 2*z - 8, 4*z + q + 3 = 0. Calculate the highest common factor of 75 and d.
3
Let x be (-2)/7 + 10*(-2)/28. Let u be (2 + -1)*x*(-6 + 5). What is the highest common divisor of 1 and u?
1
Let m = -79548 - -79623. Let x(y) = 13*y - 1. Let g be x(2). What is the highest common divisor of m and g?
25
Let k(t) = 2*t**2 + 11*t - 20. Let b be k(-7). What is the greatest common factor of 29 and b?
1
Let h be ((-77)/22 + -4)*59*-2. Calculate the highest common divisor of h and 16225.
295
Let g(y) = y**3 + 9*y**2 + 9*y + 50. Let p be g(-5). Suppose -m + 360 = 5*s - 3*m, 3*m - 195 = -3*s. What is the highest common factor of s and p?
35
Let x(k) = -8*k + 17 - 6*k**2 + 6*k**3 - 12*k**3 + 7*k**3. Let y be x(7). Let d = y - 3. Calculate the highest common factor of 2 and d.
1
Suppose 16*t - 17*t + 379 = 0. Let x = t - 197. Calculate the highest common divisor of x and 52.
26
Let a = 195 - 24. Suppose 193 - a = n. Calculate the greatest common factor of 8 and n.
2
Let i(u) = 7*u**2 - u**3 + 2352 + 5*u**2 - 2325 - 2*u. Let k be i(12). What is the greatest common divisor of 9 and k?
3
Let d be -3 - (12/(-2) + 17). Let l = d + 70. Calculate the highest common factor of 28 and l.
28
Let a(t) = 3*t**3 - 7*t**2 + 4*t + 22. Let j be a(3). Calculate the highest common divisor of j and 716.
4
Let p = 1606 - 1528. What is the greatest common divisor of p and 1443?
39
Suppose -102*x + 228 = -64*x. Suppose 5*u = -5*h + 65, -5*h = -u - u + 40. What is the greatest common divisor of u and x?
3
Suppose 2660 = 4*h - 1012. Suppose 9*p = 12*p - h. What is the highest common factor of 18 and p?
18
Suppose 62*h - 58713 = -4*t + 67*h, -4*t + h + 58693 = 0. What is the greatest common divisor of 224 and t?
112
Let r(b) = 3*b**2 - 317*b + 334. Let o be r(105). Calculate the highest common factor of 116 and o.
4
Suppose 132*r - 39292 = 37664. Calculate the greatest common factor of 159 and r.
53
Suppose -19580 = -17*h - 3*h. Suppose 4*a + n - h = 0, 0 = a + 38*n - 35*n - 253. Calculate the highest common divisor of a and 61.
61
Let n = -16172 - -19885. What is the highest common divisor of 158 and n?
79
Let v(z) = 6*z**2 - 8*z - 23. Let f be v(5). Suppose -73*o + f*o - 2646 = 0. Let b be 19 + 0 - 6/(-3). Calculate the greatest common factor of o and b.
21
Let d be (2232/(-310))/((-2)/1660). What is the highest common factor of 18 and d?
18
Suppose 1536 = 3*a - p - 389, 5 = -p. Calculate the highest common factor of a and 50.
10
Let r = 50 + -46. Suppose 5*a + 0*a - 4*y = 22, r*a + 3*y = -1. Suppose 7*m = a*m + 95. Calculate the greatest common divisor of m and 209.
19
Suppose -316 = 4*j - p, 3*p = -4*j - 232 - 84. Let b = j - -100. What is the greatest common factor of 7 and b?
7
Suppose 0 = -20*l - 7 + 27. Suppose 5*p + 2*v - 1 = -3, 4*v + 4 = 2*p. Suppose p*b = -2*b + 14. Calculate the highest common factor of b and l.
1
Let x be 19645/35 + 12/(-42). Let l = 1072 + -1021. Calculate the highest common divisor of l and x.
51
Suppose 0 = -58*v + 45*v + 119056 + 4080. Calculate the highest common divisor of 192 and v.
64
Let u = 110 - 121. Let d(s) = -s**2 - 2*s + 11. Let y be d(u). Let b be (y/20)/((-2)/5). Calculate the greatest common factor of b and 187.
11
Suppose -3*y - 151 = -24*y + 584. What is the greatest common divisor of 168 and y?
7
Suppose 2*u - 186 = 2875*x - 2873*x, -x + 501 = 5*u. Calculate the greatest common factor of 1773 and u.
9
Let n = -10 - 63. Suppose -93 = -p - 11. Let b = n + p. Calculate the highest common divisor of 3 and b.
3
Let u(o) = 8*o**2 - 21*o - 35. Let f be u(15). Suppose 11*k - f - 1520 = 0. Calculate the highest common divisor of k and 30.
30
Let w = -10 - -17. Suppose -30*z + 24*z + 36 = 0. Let p(r) = -r**2 + 4*r + 47. Let l be p(z). What is the highest common divisor of w and l?
7
Let f = 17860 + -17160. Calculate the highest common divisor of f and 4340.
140
Let z(i) = 47*i**3 + 3*i**2 + 29*i - 7. Let r be z(3). Calculate the greatest common factor of 86 and r.
86
Let c(l) = -l**3 + 15*l**2 + 16*l + 41. Let p be c(16). Suppose -9 + p = 2*v. Suppose -3*r + 139 = 43. Calculate the highest common factor of r and v.
16
Let d be 1718/44 - (-133)/(-2926). What is the greatest common divisor of 1807 and d?
13
Let y(d) = -13*d - 2. Let n be y(-1). Suppose 2*u + 2 = 10. Suppose u*a + 120 = 340. Calculate the highest common divisor of a and n.
11
Let b(o) = -19*o**3 + 2*o - 1. Let w be b(-2). Let s(c) = -c**3 + 21*c**2 + 146*c - 3602. Let x be s(16). What is the greatest common factor of w and x?
7
Let j be (-9)/3*(-38)/(-6). Let u(q) = -16*q + 102. Let v be u(j). Calculate the highest common divisor of 58 and v.
58
Let p be ((-3034)/8)/((-90)/360). What is the greatest common divisor of p and 41?
41
Let r be (-4713)/(-21) + (-6 - 46/(-7)). Calculate the greatest common divisor of r and 3125.
25
Let t = 37 - 33. Suppose -3*w - 13 + 3 = -y, -t*w = 4. Let p = 91 - 14. Calculate the highest common divisor of y and p.
7
Let m = 10151 - 10037. What is the highest common factor of m and 9006?
114
Let c = -2691 + 10881. Let d be (2/(-6))/((-30)/c). Calculate the greatest common divisor of 13 and d.
13
Suppose -4*n - 110 = -2*h, 4 = -34*n + 36*n. Let o(p) = -p**2 + 65*p - 10. Let c be o(h). Calculate the highest common factor of c and 43.
43
Let v(s) = -s**2 + s + 5. Let f be v(7). Let z = 36 + f. Let k be (2/2)/(z/(-5)). Calculate the highest common factor of 50 and k.
5
Let v(b) = -111*b + 80. Let j(c) = 113*c - 80. Let l(q) = -6*j(q) - 5*v(q). Let s be l(-4). What is the greatest common factor of 44 and s?
44
Let d(a) = 237*a + 23. Let q be d(2). Let g = q + -461. Calculate the highest common factor of 276 and g.
12
Let x = 12925 + -12915. Calculate the highest common factor of x and 16990.
10
Let d